8))/(-3))/((-1)/(-7))?
True
Suppose -2*v - 352 = -a, -4*a + 3*v + 1400 = -v. Suppose 3*j - a = -j. Suppose -4*b = -b - j. Is 10 a factor of b?
False
Suppose -t - 25 + 67 = 0. Is t a multiple of 7?
True
Let w = -8 + 11. Suppose 64 = 7*t - w*t. Does 10 divide t?
False
Let o(k) = -k**3 - 10*k**2 + 8*k - 9. Let v be o(-11). Suppose -v - 12 = -2*m. Does 18 divide m?
True
Suppose 11*r - 7*r = 84. Is r a multiple of 4?
False
Let m = 19 + 7. Suppose -v = -2*v + m. Is 16 a factor of v?
False
Let d be 2/((-4)/(-2))*5. Let j(g) = g**3 - 4*g**2 - 6*g + 5. Let x be j(d). Suppose r + x - 3 = 0. Is 3 a factor of r?
True
Is (21/6)/(364/72 - 5) a multiple of 7?
True
Is 20 a factor of (235/2 - 2)/(9/12)?
False
Suppose 0 = 3*a - 2*a - 3. Is 13 a factor of (a - 2)/(1/13)?
True
Let s(z) = z**3 + 6*z**2 - z - 1. Is s(-6) a multiple of 3?
False
Suppose -2*p + 73 + 65 = 0. Is p a multiple of 20?
False
Suppose -3*u = u - 2*z - 22, z = -1. Suppose 10*f = u*f + 25. Is f a multiple of 2?
False
Let h(s) = 5*s**2 - 4*s + 3. Suppose -6*y = -3*y - 6. Is h(y) a multiple of 4?
False
Let s(l) = 4*l + 1. Let o be s(1). Suppose 0 = 4*q + 4*h + 16, -q + 2*h - 8 = o*h. Does 4 divide q/(-4) + 14/4?
True
Let i(p) = -p**2 - p + 31. Let c = -5 + 5. Is i(c) a multiple of 26?
False
Let y = -107 + 179. Is 9 a factor of y?
True
Suppose -5*r + 1023 = -3*t, 3*r = 3*t - t + 613. Does 43 divide r?
False
Suppose 4*c + c - 20 = 0. Suppose -c*o = o + 5*z + 5, -z = -1. Does 10 divide 63/6 + (-1)/o?
False
Let t be 11 + 0 + 4/(-4). Let g(h) = h**3 - 10*h**2 + 6*h - 14. Is g(t) a multiple of 11?
False
Suppose -76 = -9*y + 5*y. Is 8 a factor of y?
False
Suppose 1 = -n + 3. Suppose -4*u + n*j + 151 = j, 0 = 3*u - j - 114. Is u a multiple of 15?
False
Let h(j) = 4 + j**3 - 13*j + 2 - 10*j**2 + 3*j**2. Suppose 2*s = -5*s + 63. Is h(s) a multiple of 17?
True
Let l(s) = 1 + 6 + 3*s + 1 - 3. Is l(7) a multiple of 13?
True
Let l(m) = 2*m**2 - 4*m + 4. Let z = -3 - 11. Let s be (-60)/z - 2/7. Is 11 a factor of l(s)?
False
Let z(n) = -n**3 - 2*n**2 - 3*n - 3. Let d be z(-2). Let r(s) = -2*s + 18 - 6 - s**3 - s**2 + d*s. Is r(0) a multiple of 10?
False
Does 11 divide (74/(-6))/(3 - (-38)/(-12))?
False
Let n = -28 + 63. Does 8 divide n?
False
Let a(h) = -h**3 + 1. Let q(p) = -2*p**3 + 9*p**2 - 9*p + 4. Let o(g) = 3*a(g) - q(g). Is 3 a factor of o(-10)?
True
Suppose -5 = v + 3*n, 2*v = -4*n + 5*n + 11. Let p be 2/(-4) - (-54)/v. Is 15 a factor of p - (-6 - -2 - -2)?
True
Is (-124)/(-6) - 14/21 a multiple of 10?
True
Let z(u) = 3*u + 3. Does 5 divide z(4)?
True
Let p(h) = h**2 - 34. Is 43 a factor of p(15)?
False
Let u(x) be the second derivative of -x**3/2 + 3*x**2/2 + 3*x. Let i(p) = 2*p + 9. Let d be i(-6). Is u(d) a multiple of 12?
True
Let s(p) = -p**2 - 5*p + 1. Let z be s(-5). Suppose -z = 2*d - 5. Is 2/(-4)*d*-62 a multiple of 17?
False
Suppose -3*p - 15 = 0, 5*p - 1 = -b - 22. Suppose x + 10 = -b*x. Is x + 16 + (-2)/(-2) a multiple of 15?
True
Suppose -9*v + 25*v = 736. Let t = 4 + -2. Suppose l = n - 12, -6*n = -n + t*l - v. Does 5 divide n?
True
Let v = -22 + 46. Is 8 a factor of v?
True
Suppose -5*t - 3*d = 7, 6 = -5*t - 5*d - 9. Let j(l) = -2 + 0 - t + 2 + 5*l. Is j(9) a multiple of 14?
False
Suppose -2*g + 658 = 3*o, 628 = 3*o - 6*g + 2*g. Let l = 308 - o. Does 23 divide l?
True
Suppose 4*x + 26 = r - 17, -r + 5*x = -44. Suppose -4*k + r = k - 4*p, 2*k - 11 = -3*p. Is k a multiple of 3?
False
Suppose 5*m - 4*a - 161 = 13, 4*m = 3*a + 139. Does 17 divide m?
True
Let z be (-14 - -1)/(-4 + 5). Is (-4 - 0)/(1/z) a multiple of 13?
True
Let n(k) = -3 + 2*k**2 - k + 4*k + 7*k + 11. Let s be n(-6). Suppose -2*l + 0*l + s = -5*b, 2*b = -2*l + 48. Is 20 a factor of l?
True
Let c(y) = -y**2 + 11*y + 6. Is c(10) a multiple of 6?
False
Suppose 4*a = -3*x - 3, 2*a + 2*x + 3 = 1. Suppose 0 = 5*i - a*i - 235. Let m = i + -24. Is m a multiple of 6?
False
Let u(i) = 14*i**3 - 1. Let m be u(1). Let t = m - -1. Suppose -t = -v + 24. Does 19 divide v?
True
Let x = -7 - -11. Suppose x*w + 36 = 5*w. Is 9 a factor of w?
True
Suppose x = -x + 10. Suppose -37 = 4*p - x*p. Is 17 a factor of p?
False
Suppose -n - 2*n = 75. Let r = 42 - n. Let s = 117 - r. Is 15 a factor of s?
False
Let h be 8*1/2 + -12. Is (42/h)/(9/(-120)) a multiple of 35?
True
Suppose -2*d = 4*g + 2, 0*g = g - 5*d - 27. Suppose -2*s + 220 = 3*n, -g*n - 5*s + 36 = -107. Suppose n = 2*p + 2*a, -2*a = -4*a + 4. Is p a multiple of 12?
False
Let s(t) be the first derivative of 2*t**3/3 + 6*t**2 + 12*t - 1. Does 22 divide s(-8)?
True
Let w = 93 - 61. Let c = w + 28. Suppose 0*x + c = 2*x. Is 14 a factor of x?
False
Let a = -28 + 37. Is a a multiple of 3?
True
Suppose 0*x = 2*x - 52. Let b = x + -17. Is 9 a factor of b?
True
Let c(s) = 4*s**2 - 2*s + 2. Does 6 divide c(3)?
False
Let p = -6 - -9. Let q(t) = 3 - p - 17*t. Is 11 a factor of q(-1)?
False
Let a = 98 - -102. Suppose -a = -6*w + w. Is w a multiple of 20?
True
Let i(o) = -9*o + 3*o - 2 + o**2 - 2*o**2. Let w be i(-5). Suppose -5*s - 48 = -w*r + 95, 2*r = 5*s + 102. Does 17 divide r?
False
Let a(m) = m**2 - 3*m + 2. Is a(-4) a multiple of 8?
False
Suppose 0*m + h = -m + 34, 0 = 2*m - 4*h - 92. Is 24 a factor of m?
False
Let i = -93 + 181. Does 4 divide i?
True
Suppose 4*m + 324 = 1224. Does 15 divide m?
True
Let v = 1 - -90. Is v a multiple of 27?
False
Let k = -30 + 45. Is k a multiple of 4?
False
Let i be 18/10 - 6/(-30). Suppose 0*q = 3*q + 15, -i*q = -u + 43. Is u a multiple of 19?
False
Let z(t) = -t**3 - 8*t**2 - 2*t + 1. Let s be z(-8). Suppose 1 + s = j. Is (-6)/(-9)*j/4 a multiple of 2?
False
Let q = 327 - 192. Is 15 a factor of q?
True
Let j(h) = h**3 + 7*h**2 + 6*h - 2. Let k(o) = o**3 + 7*o**2 + 6*o - 1. Let u(a) = -6*j(a) + 7*k(a). Does 12 divide u(-5)?
False
Suppose -3*g + 2*h + 7 = -2*h, 5*h - 5 = g. Is g a multiple of 4?
False
Let k(m) = -6 + 15*m + 11*m + 3. Is k(3) a multiple of 19?
False
Suppose 3*c + c = -4*o + 348, 5*c - 99 = -o. Does 14 divide o?
True
Suppose 2*a = 5*s + 1, -80 = 5*a + 4*s - 0*s. Let q = 30 + -34. Let i = q - a. Is 7 a factor of i?
False
Let h(u) = -u - 7. Let z be h(5). Let c = 2 + -5. Does 5 divide z/7*21/c?
False
Let o(p) be the third derivative of -p**6/120 + p**5/10 - p**4/6 - p**3/6 + p**2. Let w be o(3). Suppose -4*i + w = -22. Is 4 a factor of i?
False
Let m = 14 + 2. Is 10 a factor of 4/m + 67/4?
False
Let i = -53 + 107. Does 19 divide (5 - 4) + i + 2?
True
Let u be -2 - -12 - (-1)/(-1). Let k = -6 + u. Suppose k*m = -2*m + 105. Does 8 divide m?
False
Suppose 7*p + 110 = 12*p. Does 22 divide p?
True
Let u(y) = y**3 - 4*y**2 + 3*y - 2. Is 5 a factor of u(4)?
True
Is 25 a factor of 12/5 - 2 - 498/(-5)?
True
Let k(u) = 4*u**2 + 4*u + 2. Let q be k(-2). Suppose 0 = 2*g - q - 52. Is 10 a factor of g?
False
Suppose -i + 5 = 1. Suppose 0 = -i*j - 8. Is 2 a factor of (j - 0)*1 + 7?
False
Let r(l) = 28*l**2 - 1. Is r(-1) a multiple of 23?
False
Let q be 4/6 + (-302)/3. Let j = -69 - q. Does 11 divide j?
False
Suppose -2*s + 9 = s. Let z = -7 - -11. Suppose -s*c - 41 = -z*o, 2*o + 3*o + 3*c - 58 = 0. Does 8 divide o?
False
Let r be (-44)/(-12) + 2/(-3). Suppose -4*c - c = 5*j - 235, -106 = -r*j + 4*c. Is j a multiple of 11?
False
Let d(g) = 4*g**2 + 6*g + 6. Let i be d(-5). Suppose 0*a = 4*a - i. Suppose 2*j - a = 13. Is 10 a factor of j?
False
Let g(r) = -r**2 - r - 1. Suppose 0 = -t - 4 - 2. Let w(u) = 19*u**2 - 7*u - 6. Let z(b) = t*g(b) + w(b). Is z(-1) a multiple of 7?
False
Let a(t) = -14*t + 1. Suppose x + 8 = -4*w + 5*x, -4*w + 10 = 2*x. Let o = w + -3. Does 16 divide a(o)?
False
Let a be 2*(0 - 39/6). Let d = a + 20. Is d even?
False
Let v(g) be the second derivative of 3*g**3/2 + g**2 + 3*g. Is v(2) a multiple of 10?
True
Suppose -2*y + 50 = -40. Let g be 710/y - (-2)/9. Let x = g + -7. Is 9 a factor of x?
True
Let s(x) = -x**3 + 7*x**2 - 8*x + 6. Let w be s(6). Is 10 a factor of (w/(-3))/((-2)/(-24))?
False
Suppose 3*a - 5*l = 25, 18 = 2*a - 3*l - l. Suppose -92 + 7 = -a*x. Is 5 a factor of x?
False
Let o(t) = -3*t + 16. Let h be 3/7 + 202/(-14). Is o(h) a multiple of 18?
False
Let p(t) = -2*t. Let s be p(-1). Let o = 0 + s. Is 52/12*6/o a multiple of 9?
False
Suppose -4*f - 12 = 0, z = 4*f - 0 + 12. Let v = 27 + z. Does 9 divide v?
True
Suppose -22 = 4*